t z be 38/6 + (-6)/(-9). Let v(h) be the first derivative of h**2/2 + 10*h + 6. What is the remainder when v(z) is divided by 9?
8
Let u = -109 + 166. Calculate the remainder when 37 is divided by (-1)/(-2) - u/(-6).
7
Suppose 4*u - 3*y = 2*y + 137, -u - 3*y = -13. Suppose -5 = -w - q, 5*w - u = 3*q - 5*q. Suppose 3*n + 4 = 16. Calculate the remainder when w is divided by n.
2
Suppose 5*k = 2*u - 142, 2*k + k = 2*u - 146. Calculate the remainder when u is divided by 13.
11
Suppose 4*d - 28 = j, 2*j - 3 = -2*d + 11. Suppose -2*g - 6*t - 2 = -2*t, 0 = g + t - 1. Calculate the remainder when d is divided by g.
1
Suppose 0 = 5*a - 52 - 28. What is the remainder when 61 is divided by a?
13
Let k = 17 + -5. Calculate the remainder when 32 + 1 + 1 + 1 is divided by k.
11
Let c(k) = -3*k - 2. Let f be 489/6 - (-2)/(-4). Let j = f - 51. Calculate the remainder when j is divided by c(-6).
14
Let o = 6 + 1. Suppose -3*x + 4 = g, g + 18 - 6 = 5*x. What is the remainder when 7*(1 + 1) - x is divided by o?
5
Calculate the remainder when 9/4*(-6 - -2 - -12) is divided by 5.
3
Let p(d) = 10*d**3 + d**2 - 1. Let h be p(1). Suppose -5*v = 4*w - 81, -h = -3*v + v. What is the remainder when 26 is divided by w?
12
Suppose 3*j + 22 = l, -2*l - 5*j + 28 = -5. Suppose d + l = -5*z, d - z - 29 = -3*d. Calculate the remainder when (-3)/9*(-53 + 2) is divided by d.
5
What is the remainder when 496/112 + 3/(-7) - 2 is divided by 1?
0
Let o be (-134)/(-8) + (-2)/(-8). Let g = o + -12. Suppose -7 = -u - 3. What is the remainder when g is divided by u?
1
Calculate the remainder when 56 is divided by (-82)/(-8) + 1/(-5 - -1).
6
Suppose -4*k = 9 - 25. Suppose 0*s - s + 1 = -a, -28 = -2*a - k*s. What is the remainder when a is divided by 2?
0
Calculate the remainder when 5/(-3)*(-30)/2 is divided by 7.
4
Suppose 2*m - 4 = -2*s + s, 2*m = 3*s + 12. Let l be (8/10)/((-24)/(-780)). Suppose -b = -m*b + l. Calculate the remainder when b is divided by 5.
3
Suppose 2*c - c = 9. What is the remainder when 24 is divided by c?
6
Let h be (16/24)/(2/3). Let r(j) = 6 - 4 - 3 + 9*j**2. Calculate the remainder when r(h) is divided by 3.
2
Suppose h = -o - 2*o + 24, 83 = 3*h - 2*o. Let b be 6/(-9)*h/(-2). Suppose -c + b + 2 = 0. What is the remainder when c is divided by 7?
4
Let q = 73 - 52. Suppose 24*l = 19*l + 305. Calculate the remainder when l is divided by q.
19
Let s be (4/3)/(4/30). Let x = -2 + s. Let g = -47 + 70. What is the remainder when g is divided by x?
7
What is the remainder when -3 - -6 - (-18 - 2) is divided by 5?
3
Suppose 0 = -f + 2*h + 28, 0 = 4*f + 3*h - 79 - 11. Calculate the remainder when 142 is divided by f.
22
Let q(m) = 4*m - 22. Calculate the remainder when 89 is divided by q(10).
17
Let n(v) = -3*v**3 - 4*v**2 - 3*v. What is the remainder when 25 is divided by n(-2)?
11
Suppose -6*l - 5 = -71. What is the remainder when (-4)/(-6) - (-58)/3 is divided by l?
9
Let i be (1*-4)/((-7)/14). Let a = i + -2. Calculate the remainder when 14 is divided by a.
2
Suppose 5*g - 85 = -2*j - 2*j, j - 40 = -5*g. What is the remainder when 43 - (-2)/(-4)*-2 is divided by j?
14
Suppose 5*f = -5*d + 80 + 5, -86 = -4*f + 2*d. What is the remainder when 78 is divided by f?
18
Let n = 17 + -12. Calculate the remainder when 15 is divided by n.
0
Let p = 51 + -43. Calculate the remainder when 14 is divided by p.
6
Let h(f) = -f + 10. Let z be h(6). Suppose 2*n - 15 = r + 16, -4*n - z*r + 92 = 0. Suppose 2*a - 3*a = -52. Calculate the remainder when a is divided by n.
16
Let j(p) = p**3 + 7*p**2 + p - 2. Let y be j(-6). Let a = -13 + y. What is the remainder when 26 is divided by a?
11
Suppose -5*w = -9*c + 4*c + 225, 4*w = 5*c - 179. Let n = w + 78. Calculate the remainder when n is divided by 11.
10
Let y(x) = -x**2 - 4*x + 1. Let d be y(-4). Let p = 45 + -18. Calculate the remainder when 17 is divided by (d + 0)/(3/p).
8
Suppose 8 - 33 = -w. What is the remainder when 48 is divided by w?
23
Let s(k) = k**3 - 8*k**2 + 3*k - 10. What is the remainder when s(8) is divided by 8?
6
Let v(c) = -c**2 - 4*c - 3. Let n be v(-4). Let x = n + 11. What is the remainder when x is divided by ((-1)/(-5))/(5 - 2728/550)?
3
Suppose 0 = 4*h - 4*k + k - 57, 0 = 4*h + 4*k - 36. Suppose 9 + 57 = 2*n. Let b = n + -11. What is the remainder when b is divided by h?
10
Calculate the remainder when 16 is divided by 4/6 - (-420)/45.
6
Let h = -5 - -10. What is the remainder when h is divided by 4?
1
Let i = 4 - 2. Calculate the remainder when i is divided by (0 - 1)*(-2)/2.
0
Let b(g) be the third derivative of -1/8*g**4 + 1/3*g**3 - g**2 + 1/60*g**5 + 0 + 0*g. Calculate the remainder when 4 is divided by b(3).
0
Let y be (-364)/(-18) - 6/27. Suppose 3*k = k + y. What is the remainder when (-88)/(-3) - 3/9 is divided by k?
9
Let q = -98 - -131. Let v = 7 + -5. Suppose -v - 7 = -z. What is the remainder when q is divided by z?
6
Let m(s) = 16*s - 1. Calculate the remainder when 24 is divided by m(1).
9
Let t be 2/(-8) - 55/4. Let m = t + 23. What is the remainder when m is divided by 3/(-2)*(-20)/6?
4
Calculate the remainder when 89 is divided by (-4)/(5 - 1)*-10.
9
Suppose -l - c - 2 = 2*c, 0 = -2*l + 4*c + 6. Suppose -2 = -2*t + 5*x, 3*x = -3*t + 2*t + l. Let n = -1 + 2. Calculate the remainder when t is divided by n.
0
Let c = -72 - -110. What is the remainder when c is divided by 11?
5
Let w = -23 + -16. What is the remainder when (-6)/(-39) + (-2100)/w is divided by 14?
12
Let k(u) = 1581*u + 187. Let w(p) = 17*p + 2. Let h(s) = 2*k(s) - 187*w(s). What is the remainder when h(-1) is divided by 10?
7
Let q(x) = -3*x**2 + 3*x + 3*x**2 + 6*x**2 + x**3 + 1. Suppose p + p = 62. What is the remainder when p is divided by q(-2)?
9
Let t be 56/(-12) + (-1)/3. Let d be (-9)/(t/4 - -1). Suppose -2*g + 4*n - 2*n + d = 0, 5*g + 4*n - 126 = 0. What is the remainder when 64 is divided by g?
20
Suppose 3*u - 6 + 0 = 0. What is the remainder when 32 is divided by 8 - 3/(-2)*u?
10
Let x(v) = 2*v**2 + 23*v + 50. What is the remainder when x(-10) is divided by 11?
9
Suppose 2*i + a = -a + 276, -4*a = 5*i - 685. What is the remainder when i is divided by 34?
31
Let d(c) be the first derivative of -c**3/3 + 5*c**2/2 + 4*c + 2. Calculate the remainder when 29 is divided by d(3).
9
Suppose 5*m - 2*u - 57 = 0, -5*m - 4*u + 69 = -3*u. Calculate the remainder when 49 is divided by m.
10
Calculate the remainder when (-420)/10*1/(-2) is divided by 11.
10
Let l(m) be the third derivative of -m**5/60 + 7*m**4/24 + m**3/6 - m**2. What is the remainder when 12 is divided by l(6)?
5
Suppose 0 = 2*p + 3*p - 20. Suppose g - 425 = -p*g. What is the remainder when g is divided by 22?
19
Let z be 1/(0 - (-2)/12). Suppose 0 = -6*h + 13*h - 28. Calculate the remainder when (h/z)/(7/420) is divided by 21.
19
Let i = 7 + 6. Let n = 1 - -35. Calculate the remainder when n is divided by i.
10
What is the remainder when 51 is divided by (-48)/(-112) + 88/7 + -2?
7
Suppose 4*w + 5*f - 26 = w, -5*f = 4*w - 33. What is the remainder when 25 is divided by w?
4
Suppose -o - 100 = -4*o - 2*g, 0 = 5*o - 3*g - 173. Calculate the remainder when o is divided by 12.
10
Suppose 29 = r + 20. Calculate the remainder when 42 is divided by r.
6
Suppose 4*a = 4*k - 28, 9 = k + 2*k + a. Suppose f = -2*o + 29, -2*f + 19 = -k*o - 47. Suppose -i = -0*i - 11. What is the remainder when f is divided by i?
9
Suppose 21 + 7 = 4*u. What is the remainder when 10 is divided by u?
3
Suppose -36 = -5*n + 2*n. Suppose 2 = -p + n. What is the remainder when 29 is divided by p?
9
Let o be (-6)/3 + (1 - -12). Suppose 0 = 3*z - o + 2. Suppose -153 = -z*j - 5*t, 2*j - 5*t + 10*t = 107. Calculate the remainder when j is divided by 16.
14
Let j be (-6)/10 - (-2628)/30. Let g = j - 58. Calculate the remainder when g is divided by 15.
14
Calculate the remainder when -2*(1 - (2 - -3)) is divided by (-94)/(-18) - (-18)/(-81).
3
Let s be 6 - 0 - (12 + -10). Suppose 2*m = -0*m + s. What is the remainder when m is divided by 2*((-2)/4 + 1)?
0
What is the remainder when ((-3)/(-4))/(3/324) is divided by (0 - 0) + (33 - 5)?
25
Let t = -58 - -63. What is the remainder when 59 is divided by t?
4
Let t = -8 + 16. Let z(q) = 8*q + 20. Calculate the remainder when z(0) is divided by t.
4
Let v